divisor of y and 861?
21
Suppose 2*l + 69 = g, 3*l + 140 = -3*g + 347. Calculate the highest common factor of g and 138.
69
Let w = 0 - 1. Let f be 136/(-28) + w/7. Let k = 8 + f. What is the highest common divisor of k and 15?
3
Let d be 34 + -3 + -3 + 1. Suppose 81 = 3*r - 6. Calculate the highest common factor of r and d.
29
Let b(i) be the second derivative of i**4/12 + 7*i**3/6 - 10*i**2 + 7*i. Let a be b(-11). What is the greatest common factor of a and 16?
8
Let b(q) = 30 + 15*q - 14 - 7 + 5*q**2 - 6. Let k be b(-7). Calculate the highest common factor of k and 13.
13
Let v be 0 + (69 - 4) - (-1 - 2). Let w = v - 53. What is the highest common factor of 3 and w?
3
Let v = 147 - 85. Let z = -8 + v. What is the highest common factor of 72 and z?
18
Let g = -24 - -41. Let w = 6 - -5. Suppose -40 = -q + w. Calculate the highest common divisor of q and g.
17
Suppose -3*r = -39*t + 43*t - 34, -2*t + 42 = 4*r. What is the highest common divisor of r and 30?
10
Let a be 4/10 + (-74)/10. Let h(l) = 0*l - 5*l - 2*l - 9. Let j be h(a). Calculate the greatest common divisor of 16 and j.
8
Suppose 208*g + 100 = 213*g. Calculate the greatest common factor of g and 4.
4
Let f = 221 - 206. What is the highest common factor of 495 and f?
15
Let c be -1*16/(-4)*(-3)/(-4). What is the greatest common factor of c and 111?
3
Let u(p) = 59*p + 161. Let l be u(12). Calculate the greatest common factor of l and 11.
11
Suppose 7*t - 53 = -18. Suppose -t*n - 5*q + 630 = 0, n - 130 = 4*q - 9*q. Calculate the greatest common divisor of 25 and n.
25
Let f be (360/(-9))/(-5) + 505. Calculate the greatest common factor of f and 27.
27
Suppose -i - 13*i + 1232 = 0. What is the highest common factor of 792 and i?
88
Let l(i) = i**2 - 11*i + 89. Let d be l(13). Calculate the greatest common divisor of 46 and d.
23
Suppose 44 = 26*x - 8. Let q(y) = -y + 11. Let w be q(11). Suppose w = -2*m + 11 + 25. What is the greatest common divisor of x and m?
2
Let s = 37 + -5. Suppose -27*n + s*n = 40. What is the greatest common divisor of n and 16?
8
Suppose -i - 6*i = -28. Suppose 4*t - j - 61 = 0, 1 = 3*j + i. What is the greatest common factor of t and 120?
15
Let a(c) = -c**2 + 10*c - 12. Let r be a(8). Let w be (-1512)/(-154) - r/(-22). Suppose 5*v - 153 - 147 = 0. What is the highest common divisor of v and w?
10
Suppose -41 = -5*g - 11. Let c(j) = j**3 - 7*j**2 + 3*j - 15. Let n be c(7). Calculate the highest common factor of g and n.
6
Let n = -1244 - -1320. What is the greatest common divisor of 437 and n?
19
Let m be 55/(34/4 + -6). Calculate the highest common divisor of 473 and m.
11
Let u be (-2)/(-4) + 33/(-66). Suppose -4*h - 40 + 328 = u. Let q be 6*((-30)/(-9) + -2). Calculate the highest common divisor of h and q.
8
Let p(t) = 3*t**2 - 25*t + 12. Let u be p(8). What is the highest common divisor of 14 and u?
2
Let m(n) = -2*n + 7. Let s be m(0). Suppose 5*z - 2 = 3. Suppose g = 6 + z. What is the greatest common factor of g and s?
7
Let x(j) = j**3 + j**2 + j - 16. Let o be x(5). Let m = o + -109. Let a be (-1 + -14)/((-4)/12). Calculate the highest common factor of m and a.
15
Let t = 63 + -7. Suppose -5*a + 3*z = -55, 2*a + z = -3*a + 75. Calculate the highest common factor of t and a.
14
Let m be (-75)/10*(-342)/15. Let q(z) = -z**3 + 5*z**2 - 5*z + 1. Let k be q(4). Let v be 3*2/k - -21. Calculate the highest common factor of m and v.
19
Suppose -4*z - 4 = 0, -1422 = -5*a - 9*z + 6*z. What is the highest common divisor of a and 475?
95
Let t(y) = -259*y**3 - 2*y**2 - 35*y - 34. Let u be t(-1). What is the greatest common divisor of 18 and u?
6
Suppose 3*a - m - 2*m = 12, -18 = -3*a + m. Let p = -367 - -381. Calculate the greatest common divisor of p and a.
7
Suppose -2*k - 2*f - 1 = -k, -3*k + 9 = 2*f. Suppose 2*n + c = -2*n + 66, -2*c + 84 = k*n. Calculate the highest common factor of 176 and n.
16
Let y(g) = g**3 - g**2 + 7*g + 4. Let u be y(4). Calculate the highest common factor of 1080 and u.
40
Suppose 3*a - 5*c = 97, 0 = 2*a + 4*c - 2 - 26. Let x = -21 + a. Calculate the highest common divisor of 3 and x.
3
Let g(q) = -12*q + 20. Let c be g(-13). Calculate the highest common divisor of c and 22.
22
Let z(k) be the third derivative of 7*k**4/24 - k**3/3 + 19*k**2. Let b be z(2). What is the greatest common divisor of 8 and b?
4
Let y(a) = 3*a + 13. Let x = 2 - -4. Let p be y(x). Let j = -22 + p. Calculate the greatest common factor of 1 and j.
1
Suppose 0 = 22*d - 1970 + 232. Calculate the highest common divisor of 2133 and d.
79
Let s(i) = -13*i + 3. Let t be s(-4). Let r be (7/(-2))/7 - 225/(-10). What is the highest common factor of r and t?
11
Let d(r) = -r + 18. Let u be d(8). Suppose 0 = k + 3*k - 440. What is the highest common divisor of k and u?
10
Suppose -4*n + 6*n = 84. Suppose 4*x - 4*c = 244, -x + 44 = 4*c - n. Calculate the highest common factor of 33 and x.
33
Suppose 4*q + 76 = 4*i, 3*i = 4*i - 3*q - 25. Suppose -3 = -n, 3*n = -3*l - i + 52. Calculate the highest common divisor of 9 and l.
9
Let k = -1 - -9. Let l = 73 - -55. Calculate the highest common factor of k and l.
8
Suppose 0 = u + 5*x - 441, 0 = -12*u + 15*u - 2*x - 1238. What is the greatest common divisor of u and 52?
52
Let x be (-4)/(-4)*-2 - -2. Suppose x = -0*m - 3*m + 6. Let n be (-10520)/(-45) + m/9. Calculate the highest common divisor of n and 26.
26
Suppose 5*m = -0*b - 3*b + 1700, 0 = -b + 5*m + 540. Calculate the highest common divisor of 80 and b.
80
Let h be 2/8*2*242. Let x = 36 - 32. Suppose -w - 2*d - 3 = -22, x*w - 48 = -d. What is the greatest common factor of w and h?
11
Let u = 3279 + 237. Calculate the highest common factor of u and 12.
12
Let g(k) = 79*k - 283. Let m be g(7). Calculate the highest common factor of m and 10.
10
Suppose -u + 365 - 22 = 0. Suppose -v - 6*v + u = 0. Calculate the highest common factor of 7 and v.
7
Let y = 6 - -1. Let m(u) = 3*u**2 + 3*u - 10. Let a be m(y). Suppose -a = -4*w - 66. Calculate the greatest common divisor of w and 253.
23
Let v = 89 + -50. Calculate the highest common factor of v and 24.
3
Suppose -3*r + h = -4*h - 5, 5*h - 5 = r. Suppose -2*n - 352 = -r*v, 66 = 2*v + 2*n - 86. Suppose k - 10 = 14. Calculate the greatest common divisor of k and v.
24
Suppose 20 = 3*k - 5*n, 2*n + 2 - 36 = -3*k. Let o be 44/(-7) + 20/70. Let b be 1/(-3) + (-62)/o. Calculate the greatest common divisor of b and k.
10
Let l = -17 + 21. Calculate the greatest common divisor of 268 and l.
4
Suppose -20*b + 22*b = 0. Let a be (-3 - b) + (2 - -375). What is the greatest common factor of a and 34?
34
Let t = -164 + 270. What is the highest common factor of 106 and t?
106
Let a = 394 - 346. Suppose 4*s - 33 = 5*o, 0 = -3*s + 5*o + 31. Let u be (8/(-10))/(s/(-15)). What is the highest common divisor of a and u?
6
Let l(m) be the third derivative of m**5/60 - m**4/3 - 7*m**3/2 + 5*m**2. Let v be l(12). Calculate the greatest common factor of v and 216.
27
Let g = 548 + -299. Calculate the highest common divisor of g and 166.
83
Let h be (3/(-6))/(6/(-156)). What is the greatest common factor of 1261 and h?
13
Let x = -739 + 766. Calculate the greatest common factor of 1701 and x.
27
Suppose -4*d + 10 = -k, -2*k + 6*d - 5 = 3*d. Suppose s + 4*y = 19, -k*y + 5*y + 133 = 4*s. What is the highest common divisor of 62 and s?
31
Let s(g) = -g**2 + 6*g + 88. Let r be s(-6). What is the highest common factor of r and 80?
16
Let a(n) = 19*n**2 - n - 1. Let d(q) = q**2 - q - 1. Let j(k) = a(k) - d(k). Let l be j(-1). Let b = -7 - -61. Calculate the greatest common factor of l and b.
18
Let c = -16 - 10. Let o be (13/c)/((-1)/26). Calculate the greatest common factor of o and 117.
13
Let f = 3766 - 2506. Suppose -9*o = -0*o - f. What is the greatest common factor of o and 35?
35
Let q = -78 - -144. Suppose -q = 14*c - 346. Calculate the greatest common factor of c and 160.
20
Let i = 9 + -15. Let s = 9 - i. Let r be (-15)/(-3 + 5 + -3). What is the greatest common factor of s and r?
15
Let y(v) = 3*v**2 - 26*v - 8. Let o be y(11). What is the highest common factor of 391 and o?
23
Let c be (-3 - (11 + -8))*1/(-2). Suppose -5*u + 3*u + 54 = 0. Calculate the greatest common divisor of u and c.
3
Let x(i) = 12 - 17 - 6*i + 6. Let b be x(-8). Wha